1643905?
5, 7, 13, 157, 163
List the prime factors of 81043174.
2, 739, 54833
List the prime factors of 1020425115.
3, 5, 19, 1663, 2153
List the prime factors of 4828914773.
6691, 721703
List the prime factors of 1418553578.
2, 13, 54559753
List the prime factors of 4368277.
4368277
What are the prime factors of 131710029?
3, 11, 23, 173531
What are the prime factors of 236396419?
7, 503, 67139
List the prime factors of 212409391.
212409391
List the prime factors of 17710319.
11, 41, 107, 367
List the prime factors of 279882933.
3, 11, 41, 269, 769
What are the prime factors of 427067554?
2, 213533777
List the prime factors of 50689753.
50689753
List the prime factors of 60519042.
2, 3, 1120723
List the prime factors of 101421885.
3, 5, 59, 114601
What are the prime factors of 58861789?
7, 1201261
What are the prime factors of 42509081?
42509081
List the prime factors of 1092601430.
2, 5, 23, 577, 8233
What are the prime factors of 860164864?
2, 13, 131, 1973
List the prime factors of 1490474530.
2, 5, 149047453
What are the prime factors of 124492194?
2, 3, 2305411
List the prime factors of 63633867.
3, 11, 53, 36383
List the prime factors of 413337026.
2, 149, 1387037
What are the prime factors of 368432921?
181, 733, 2777
List the prime factors of 857466470.
2, 5, 7, 59, 207619
List the prime factors of 35522689.
35522689
List the prime factors of 67668142.
2, 33834071
List the prime factors of 46113367.
17, 23, 117937
List the prime factors of 184392115.
5, 17, 127607
List the prime factors of 93699144.
2, 3, 7, 11, 16901
What are the prime factors of 19620012?
2, 3, 23, 67, 1061
List the prime factors of 3741905362.
2, 13, 859, 167543
What are the prime factors of 33559613?
59, 568807
What are the prime factors of 124534670?
2, 5, 13, 957959
List the prime factors of 535213644.
2, 3, 7, 6371591
What are the prime factors of 82394246?
2, 11, 3745193
What are the prime factors of 488915788?
2, 122228947
List the prime factors of 58464967.
11, 1433, 3709
List the prime factors of 81376589.
7, 11625227
What are the prime factors of 26255803?
7, 17, 61, 3617
What are the prime factors of 427215539?
427215539
List the prime factors of 1077739840.
2, 5, 97, 34721
List the prime factors of 2177792549.
1063, 2048723
What are the prime factors of 9622822?
2, 11, 437401
List the prime factors of 20251322.
2, 7, 13, 111271
List the prime factors of 1638555.
3, 5, 313, 349
List the prime factors of 34678329.
3, 7, 67, 503
What are the prime factors of 361768943?
37, 59, 165721
List the prime factors of 820901534.
2, 137, 151, 19841
List the prime factors of 10628534.
2, 7, 759181
List the prime factors of 110311977.
3, 36770659
What are the prime factors of 46621929?
3, 79, 196717
What are the prime factors of 87352652?
2, 19, 103, 11159
List the prime factors of 978628031.
47, 20821873
What are the prime factors of 5546254419?
3, 616250491
List the prime factors of 6572224.
2, 103, 997
List the prime factors of 27802597.
479, 58043
What are the prime factors of 315785040?
2, 3, 5, 1315771
List the prime factors of 195515320.
2, 5, 7, 11, 13, 19, 257
List the prime factors of 7517904815.
5, 17, 88445939
List the prime factors of 161280266.
2, 7, 773, 2129
What are the prime factors of 118665251?
43, 53, 52069
What are the prime factors of 469703956?
2, 59, 661, 3011
What are the prime factors of 3271794642?
2, 3, 19, 9566651
What are the prime factors of 22583762?
2, 11291881
List the prime factors of 264733110.
2, 3, 5, 326831
What are the prime factors of 43105018?
2, 11, 1959319
What are the prime factors of 36369930?
2, 3, 5, 1212331
List the prime factors of 124255523.
7, 193, 1877
List the prime factors of 2203977334.
2, 13, 53, 123031
What are the prime factors of 4376899021?
11, 31, 12835481
List the prime factors of 449175510.
2, 3, 5, 7, 23, 10333
List the prime factors of 297962884.
2, 23, 3238727
List the prime factors of 629641732.
2, 157410433
List the prime factors of 87303293.
7, 11, 1133809
What are the prime factors of 42426756?
2, 3, 1178521
What are the prime factors of 36190432?
2, 1130951
List the prime factors of 71553688.
2, 103, 86837
What are the prime factors of 1336736756?
2, 334184189
What are the prime factors of 218241047?
2707, 80621
List the prime factors of 2870677303.
13, 367, 383, 1571
List the prime factors of 12929159.
83, 155773
What are the prime factors of 62530970?
2, 5, 1303, 4799
What are the prime factors of 5114479325?
5, 17, 12034069
What are the prime factors of 816219743?
816219743
What are the prime factors of 33305147?
53, 628399
List the prime factors of 474263991.
3, 73, 80207
List the prime factors of 192717643.
71, 149, 18217
List the prime factors of 2908948862.
2, 59, 151, 163259
What are the prime factors of 71812502?
2, 35906251
What are the prime factors of 62257013?
7, 13, 89, 7687
What are the prime factors of 149282626?
2, 59, 269, 4703
List the prime factors of 5039639683.
13, 387664591
List the prime factors of 610875387.
3, 103, 227, 2903
What are the prime factors of 1755527?
1755527
List the prime factors of 64764379.
41, 1579619
What are the prime factors of 58441169?
19, 31, 313, 317
What are the prime factors of 99410409?
3, 7, 175327
List the prime factors of 206823922.
2, 173, 597757
List the prime factors of 308027521.
13709, 22469
List the prime factors of 1338255497.
79, 113, 149911
What are the prime factors of 424026825?
3, 5, 5653691
List the prime factors of 348020919.
3, 257, 379, 397
What are the prime factors of 51413697?
3, 173, 1223
What are the prime factors of 374171024?
2, 113, 206953
List the prime factors of 25365163.
25365163
List the prime factors of 307175511.
3, 23, 29, 153511
List the prime factors of 656686085.
5, 11, 11939747
What are the prime factors of 439196837?
19, 2531, 9133
List the prime factors of 37406514.
2, 3, 41, 73, 2083
List the prime factors of 412516882.
2, 206258441
What are the prime factors of 3920155101?
3, 127, 733, 4679
What are the prime factors of 358295928?
2, 3, 29, 514793
List the prime factors of 1144558668.
2, 3, 11, 877, 9887
List the prime factors of 3145232838.
2, 3, 11, 1823, 26141
What are the prime factors of 984370344?
2, 3, 2003, 20477
List the prime factors of 3795412228.
2, 353, 2687969
List the prime factors of 528753926.
2, 19, 29, 479813
List the prime factors of 179322695.
5, 3083, 11633
List the prime factors of 948847586.
2, 474423793
What are the prime factors of 739355323?
7, 353, 299213
List the prime factors of 42001123.
61, 688543
List the prime factors of 161382179.
7, 23054597
What are the prime factors of 340978611?
3, 23, 67, 73757
List the prime factors of 214797018.
2, 3, 199, 179897
List the prime factors of 22512139.
13, 1731703
List the prime factors of 84145619.
5927, 14197
What are the prime factors of 258281564?
2, 43, 61, 103, 239
What are the prime factors of 79263530?
2, 5, 149, 53197
What are the prime factors of 86005718?
2, 31, 1387189
List the prime factors of 192206520.
2, 3, 5, 11, 5393
List the prime factors of 38685555.
3, 5, 859679
What are the prime factors of 82020954?
2, 3, 17, 804127
What are the prime factors of 25814106?
2, 3, 478039
What are the prime factors of 44855870?
2, 5, 4485587
List the prime factors of 1223435020.
2, 5, 61171751
List the prime factors of 235323972.
2, 3, 13, 502829
What are the prime factors of 35854655?
5, 47, 271, 563
What are the prime factors of 3214612661?
13, 247277897
List the prime factors of 691164790.
2, 5, 181, 381859
List the prime factors of 2034686085.
3, 5, 31, 4375669
What are the prime factors of 1779041223?
3, 1327, 148961
What are the prime factors of 3007321720?
2, 5, 13, 179, 32309
List the prime factors of 121695340.
2, 5, 13, 468059
What are the prime factors of 107069993?
7699, 13907
What are the prime factors of 844758479?
83, 487, 20899
List the prime factors of 1875331201.
1931, 971171
What are the prime factors of 146615919?
3, 48871973
What are the prime factors of 43396782?
2, 3, 11, 13, 37, 1367
List the prime factors of 22655117.
22655117
What are the prime factors of 302118036?
2, 3, 11, 2288773
List the prime factors of 843993018.
2, 3, 11, 743, 5737
List the prime factors of 249278245.
5, 59, 491, 1721
List th